et r(j) = -j - 18. Let b be r(-19). Calculate x(b).
6
Let u = 0 - -1. Let i(d) = d**2. Let s(h) = -h**3 + 4*h**2 + 13*h - 3. Let r be s(6). Let n(v) = 5*v**2 - v + 1. Let o(x) = r*i(x) - n(x). Determine o(u).
-2
Let r = -117 + 119. Let y(z) = r*z + 0*z - 9*z - z - 3. Determine y(3).
-27
Let h be -2*(-40)/24*(-18)/(-10). Let a(v) = -2*v**2 + 10*v + 7. Calculate a(h).
-5
Let r(x) = -1. Let z(y) = y**3 - 7*y**2 + 6*y - 3. Let t(l) = 3*r(l) + z(l). What is t(7)?
36
Let o = 53 - 54. Let a be (-18)/(-8 - -5) + o*3. Let v(u) = -3*u**2 + 2*u + 1. What is v(a)?
-20
Suppose 6*o = -39 + 9. Let k(p) = -3*p**3 - 3*p**2 + 4*p. Let h(u) = 5*u - 4*u**2 - 10 + 10 - 4*u**3. Let n(x) = o*k(x) + 4*h(x). Determine n(1).
-2
Let t = 355 + -353. Let x(o) = -6*o**2 - 2*o. Determine x(t).
-28
Let z(q) = -q + 3. Let j(h) = h - 3 + 0 + 1. Let n be (-6)/((3 + 5)/(-4)). Let s(p) = n*j(p) + 4*z(p). Determine s(5).
1
Let l(j) = -11*j + 1. Let p(g) = -g + 9. Let k be p(8). Suppose -2 = -s - k. Determine l(s).
-10
Let g(u) = -u**2 + 10*u + 11. Let y be -7 + -1 - -17 - -4. Give g(y).
-28
Let j(h) = 3 - 4*h - 2*h**2 + h**3 + 2*h + 2*h. What is j(3)?
12
Suppose l - 2 = -l, -4*u + 2*l + 6 = 0. Let t(h) = -3*h**u + 1 + 5*h**2 + 2 + h - h**2. Let n(m) = m + 3. Let g be n(-6). What is t(g)?
9
Let t(j) = -j + 0*j - 7 + 2. Suppose -3*a = -3 + 12. Give t(a).
-2
Let h be (-8)/(-4) + -4 - 0 - -3. Let c(v) = -15*v**2 - v + 1. Give c(h).
-15
Let n(c) = c**2 + 8*c + 5. Let i = -265 - -258. Give n(i).
-2
Let c(l) = -l + 6. Let a be c(5). Suppose -t = -2 + a. Let u(q) be the third derivative of q**4/2 + q**3/6 + 21*q**2 + 2*q. Determine u(t).
13
Suppose -63 = -r - 4*f, -5*r - 3*f = -f - 405. Let t = -93 + r. Let d(b) = -b - 9. Determine d(t).
1
Let z(j) be the first derivative of 0*j**2 + j + 3 + 4/3*j**3. Suppose 4*b = 9*b - 5. Give z(b).
5
Let t(w) = w - 9. Let l(f) = -1. Let g(x) = 6*l(x) - t(x). Let h be (-2)/4*(-40)/4. What is g(h)?
-2
Let c(x) = x**3 + 12*x**2 - 9*x + 45. Suppose -3*y - 19 = p, -24*y + 48 = -4*p - 22*y. Calculate c(p).
-7
Let i(d) = -2. Let x(v) = v + 5. Let y(m) = 10*i(m) + 2*x(m). Let s = -67 + 74. Give y(s).
4
Let w(i) = 2*i**2 - 5*i + 6. Let v(h) = -h**2 + 2*h - 3. Let b(s) = 11*v(s) + 6*w(s). Calculate b(7).
-4
Let x(r) = -54 + 79 - 38 - r**2 + 13*r. Determine x(10).
17
Let i(g) = g - 6. Let x be i(5). Let a = 1 + x. Let h(b) = -b - 5. Let y(p) = 3*p + 14. Let v(r) = -17*h(r) - 6*y(r). Determine v(a).
1
Let z(h) = -h**3 - 8*h**2 + 3*h - 2. Let i(m) = -4*m**3 - 25*m**2 + 10*m - 6. Let l(g) = -2*i(g) + 7*z(g). Determine l(6).
4
Suppose -11*j + 40 = -7*j. Let v be 18/(-45) - 26/j. Let z(m) = -m**3 - m**2 + 3*m + 3. What is z(v)?
12
Suppose -5*w + 44 = -41. Let x = 15 - w. Let p(k) = 3*k**2 + k + 2. Give p(x).
12
Let k(a) = a**3 - 3*a**2 - 4*a + 4. Let m(w) = w**3 + 6*w**2 + 6*w - 7. Let u be m(-5). Let v = u - -16. What is k(v)?
4
Let n(c) be the first derivative of 1/6*c**3 - 2*c - 1 + 1/20*c**5 + 0*c**2 - 1/4*c**4. Let z(g) be the first derivative of n(g). Determine z(3).
3
Let r be (-3912)/(-64) + (-1)/8. Let i = 68 - r. Let n(h) = -3*h + 7. Give n(i).
-14
Suppose 65*v = 66*v - 5. Suppose -4*x + v*c + 45 = 0, -c = 2*x - 4 - 1. Let d(m) = -m**3 + 5*m**2 + 5. What is d(x)?
5
Let y(s) = s**2 + 9*s + 6. Suppose -5*a = -6*u + 8*u + 26, 4*a = -3*u - 32. What is y(u)?
-2
Let q = 12 + -10. Suppose -q*t + 0 = -4. Let h(c) = -c + 0*c**t - 3*c + 0*c - 5 + c**2. Give h(4).
-5
Let r = 569/2 - 282. Let p(n) be the second derivative of -r*n**2 + 0*n**3 + 1/12*n**4 - 8*n + 0. Determine p(0).
-5
Let p(q) = -3*q + 70. Let r(l) = 4*l + 40. Let w be r(-4). Give p(w).
-2
Let g(c) = 4222*c - 4 - 4217*c + 7. What is g(5)?
28
Let m(w) = w**3 - 6*w**2 + 8*w + 4. Suppose 2*r - 5*q + 2 = 0, -12 = -3*r + 5*q - 10. Determine m(r).
4
Let j(z) = z**2 + 3*z + 1. Let k(o) = -10*o**2 + 20*o + 7. Let v(u) = 6*j(u) - k(u). Calculate v(-1).
17
Let k = -1195 + 1205. Let y(h) = -h**2 + 10*h - 6. Calculate y(k).
-6
Let w(a) = a**3 + 13*a**2 - 14*a - 7. Suppose -5*o + n - 65 = 0, -2*o + 3*o - 1 = 3*n. Determine w(o).
-7
Let w = 83 + 15. Let p = w + -99. Let t(l) = 14*l**2 - 2*l - 1. What is t(p)?
15
Let n(z) = -z - 9. Let m be 7 + 3 + -8 + 4. Suppose m*p + 8 = 8*p. Suppose 0*r + 3*f = r - 5, 0 = -p*r + f - 13. What is n(r)?
-5
Suppose 196*r - 192*r - 8 = 0. Let n(h) = r - 16 + 8 - h + 8. What is n(6)?
-4
Let t(c) = -c**2 + 9*c + 10. Let s(m) be the second derivative of m**3/6 + m**2/2 + 2*m + 32. Let j(i) = 6*s(i) - t(i). Determine j(-4).
24
Let u(l) = l**2 - 36. Let g be (8/(-12) - (-8)/12)/2. Calculate u(g).
-36
Suppose -m + 4*k + 76 = 0, -3*k = -3*m + 7*m - 285. Let h = m + -70. Let w(q) = q**3 + q**2 - q - 2. Give w(h).
8
Let z(l) = -l**3 - 9*l**2 - 6*l - 1. Let k(r) = r**3 + 10*r**2 + 7*r + 2. Let q(b) = -2*k(b) - 3*z(b). What is q(-6)?
11
Let j be (-513)/(-99) - 4/22. Let k(f) = -f**3 + 2*f**2 + 14*f + 5. Give k(j).
0
Let y(q) = -3*q**2 - 2*q + 2. Suppose -2*c = -0*t + t - 7, 0 = 3*c - 3*t + 12. Let a be y(c). Let o(v) = -v**2 - 3*v - 4. What is o(a)?
-4
Let t(d) = -d**2 - 6*d - 2. Let a(p) = -4*p - 3*p + 4*p + 2*p. Let j be a(7). Calculate t(j).
-9
Let l(c) = 2*c - 15. Let s(b) = 17*b + 194. Let j be s(-11). What is l(j)?
-1
Let l(p) = 3*p**2 + 9*p - 6. Let c(o) = -o**2 - 4*o + 2. Let v(d) = 8*c(d) + 3*l(d). Let h = 18 + -11. Determine v(h).
12
Suppose -45*l + 40*l = -10. Let i be ((-16)/80)/(l/(-30)). Let y(o) be the first derivative of -o**3/3 + o**2/2 + 3*o - 1. Calculate y(i).
-3
Let r(k) = k**2 - 8*k - 1. Let o(u) = u - 2. Let x(d) = 2*o(d) + r(d). Determine x(7).
2
Let c be (3/(-3) - -1) + -2. Let t(g) = 3*g**3 - g**2 - 1. Give t(c).
-29
Let o be (-56)/70*(-10)/(-2). Let b be 10*1*2/(-5). Let p(z) = -2*z - 5. Let f(h) = -6*h - 15. Let r(n) = b*f(n) + 11*p(n). What is r(o)?
-3
Suppose -1 - 11 = 3*b. Let v be 7/b*(-11 + 3). Let m(h) = -13*h**2 + 0 - 6*h + 4 + v*h**2. What is m(5)?
-1
Let v(u) = 2*u - 26*u**2 + 5 + 13*u**2 + 15*u**2 - 7 + 6. Give v(-3).
16
Let h(u) = -u**2 + u - 4. Suppose 4*l = -0*l - 4, 14 = 3*n + 4*l. Suppose 0 = -2*r + 2*i - n, -6 = 2*r - i - 3. What is h(r)?
-4
Suppose 5*b = 242 + 58. Suppose 6*z + 4*z - b = 0. Let d(h) = -h**3 + 7*h**2 - 3*h - 6. Calculate d(z).
12
Let i(f) = -f**3 - 7*f**2 - 2*f - 5. Suppose 0 = -5*p + p + 40. Let k = p - 17. Calculate i(k).
9
Let q(g) be the third derivative of g**6/120 + g**5/60 + g**4/24 - g**3/2 - 73*g**2. Determine q(-3).
-24
Let d(g) = 3*g + 1. Let x = -62 - -63. Determine d(x).
4
Let m(d) = 3*d**3 - 6*d**2 + 9*d + 3. Let v(h) be the first derivative of 3*h + 1/2*h**4 - 1 + 4*h**2 - 5/3*h**3. Let n(g) = 4*m(g) - 5*v(g). Determine n(-2).
-7
Suppose 2*a - 6 = 4. Let r(z) = -3*z. Let h(l) = -3*l - 1. Let o(b) = 4*h(b) - 5*r(b). What is o(a)?
11
Let r(o) be the first derivative of -o**4/4 - 4*o**3/3 + 2*o**2 - 2*o - 12. Suppose 27 = m - 4*m - 4*f, 0 = -2*m - 3*f - 19. What is r(m)?
3
Let a be (-1 + (-18)/(-10))*5. Let c(s) be the second derivative of s**3/2 + 4*s**2 + s + 6. Let t(q) = 8*q + 24. Let z(b) = a*t(b) - 11*c(b). Give z(4).
4
Let j(p) = p**2 - p. Let s(o) = -4*o**2 + 4*o - 1. Let b(f) = -3*j(f) - s(f). Let w = -141 - -146. Calculate b(w).
21
Suppose 0*y - 7 = y. Let u(r) = -8*r**2 - 14*r**3 - 7*r - 7*r**3 + 3 - 9*r**3 + 29*r**3. Determine u(y).
3
Let v(q) be the third derivative of q**6/120 - 4*q**5/15 + 5*q**4/8 - 2*q**3 + 118*q**2. Calculate v(15).
-12
Let z(s) = -537 + 515 + 4*s + 9*s. Determine z(2).
4
Let g(c) = -c**2 - 6*c + 10. Suppose 0 = i - 3, -201 = 3*k + 5*i - 10*i. Let d = k + 55. Determine g(d).
3
Let d = -7 + 1. Let s(t) = -t + 25 + 11 - 32. Give s(d).
10
Suppose -6*h + 13*h = 14. Let v(d) = -d**h - 3*d - 1 - 2 - 2 + 3. What is v(-2)?
0
Let i = 43 - 23. Let b = -27 + i. Let k(d) = -d**2 - 2*d + 8. Let o(v) = -v**2 - 3*v + 8. Let z(y) = 2*k(y) - 3*o(y). What is z(b)?
6
Let b be -2 - (-9 - -2 - -3). Suppose -5*k = -5*m, -1 + b = m. Let s(y) = -3*y - 1. What is s(k)?
-4
Let f(b) be the first derivative of b**6/120 - b**5/60 - b**4/24 + 7*b**2 - 14. Let t(u) be the second derivative of f(u). Give t(1).
-1
Suppose 3*g + 10 = -2*g. Let d(j) = j**3 + 8*j**2 + 15*j + 12. Let l be d(-5). Let k(b) = -5*b - l*b - 4*b + 28*b - 1. Calculate k(g).
-15
Let t(k) = -44*k + 2. Let p(s) = -22*s + 1. Let j(r) = -9*p(r) + 4*t(r